uppose 0 = -4*g + b, -5*g - 3 + 4 = -b. Let c = 3 + g. What is the tens digit of (27 - c - 2) + 3?
2
What is the thousands digit of 5/(6*2/9528 + 0)?
3
Let p = -838 - -1404. What is the units digit of p?
6
Let w be ((-2)/(8/(-82)))/(8/16). Let y = w - 32. What is the units digit of y?
9
Suppose 3*s + 2*s + 16 = 2*o, 4*s = -o + 21. Let w = o + -10. Suppose -2*u + 82 = w*z, -z + 16 + 8 = 4*u. What is the units digit of z?
8
Suppose 0*h + 5*h - 76 = -2*z, 5*z + 2*h = 190. Let p = z + 94. Suppose p = f + 2*f. What is the tens digit of f?
4
Let k(m) = 3*m**2 - 38*m - 31. Let b(t) = -t**2 + 13*t + 10. Let j(r) = -11*b(r) - 4*k(r). What is the units digit of j(10)?
4
Let w = 159 - -470. What is the hundreds digit of w?
6
Let u(w) = 142*w + 3. Let v(d) = -285*d - 6. Let s(o) = 7*u(o) + 4*v(o). What is the hundreds digit of s(-1)?
1
Let u(h) = -35*h + 2. Suppose n + 3*n = -3*d - 5, -d + 5 = -2*n. What is the tens digit of u(n)?
7
Let k(d) = -d**3 + 9*d**2 - 5*d - 27. Let s be k(8). Let a be (3 + 0)*(2 + 0). What is the tens digit of 24 + s + a/3?
2
Let l(b) = 13*b**2 + 2*b - 5. Let v be l(5). Suppose 0 = 5*k - 6*j + 2*j - v, -j = -5*k + 330. What is the tens digit of k?
6
Let r = -4 + 21. Suppose -3*v = 5*l - r, -5*v + 23 = l + 2*l. Let b = l + 28. What is the tens digit of b?
2
Let n = -45 - -93. Suppose 3*x = 7*x + n. Let v = 23 + x. What is the units digit of v?
1
Let p = -2032 - -3127. What is the hundreds digit of p?
0
Suppose 2*x - 2*p - 20 = 2, 5*p - 50 = -2*x. Let y = x - -77. What is the tens digit of y?
9
Suppose -2*o - 2*o = 4*p - 28, 5*p = -o + 15. Suppose -5*y = -5*a - 150, -o*y = -3*a - 0*a - 154. Suppose 0 = u - 13 - y. What is the units digit of u?
5
Let d = 958 - 410. What is the units digit of d?
8
Let t(c) = -2*c**3 + 89*c**2 - 32*c - 45. What is the tens digit of t(44)?
8
Suppose -5*j + 9*j + 124 = 0. Let b = j + 31. Suppose b = -w + 7. What is the units digit of w?
7
Let m = 9 - 11. Let z = 12 + m. What is the units digit of (-22)/(-5)*z/4?
1
Suppose -5*n + 5*r + 18231 = -734, -3777 = -n - 3*r. What is the tens digit of n?
8
Let a = -10 + -106. Let j = -67 - a. What is the units digit of j?
9
Suppose 3*p - 8732 = 2*n, 5*n = -4*p + 7679 + 3979. What is the tens digit of p?
1
Let x = 71 + -71. Suppose x = 2*y + 2*y - 164. What is the units digit of y?
1
Let p(i) = 0 + 2*i - 7*i**2 + 12 - i**2 + 12*i + i**3. What is the tens digit of p(6)?
2
Let w(a) = -a**3 + a**2 + 3*a + 3. Let i be w(-1). Let g(m) = 17*m - 47 - m**i + 47. What is the tens digit of g(11)?
6
What is the thousands digit of (639/(-142))/((-6)/2264)?
1
Suppose 2*o = -3*o + 2200. What is the hundreds digit of (o/(-6))/((-4)/6)?
1
Suppose 154 = -2*f + 4*j, -j = 1 - 5. What is the tens digit of (6/(-9))/(1/f)?
4
Let j = 14 - 13. Let x be ((-2 - -1) + j)/2. Suppose -3*q + 5*g + 54 = 5, 5*g - 5 = x. What is the tens digit of q?
1
Let q(y) = -y**3 + 17*y**2 - 2*y + 19. Let h be q(17). Let o = 32 - h. What is the units digit of o?
7
Suppose -3*x + 4*s - 13 = -0*x, 4*x - 2*s = -14. What is the units digit of -3*(19/x - 2)?
5
Suppose 0 = 2*j - 3*j + 6. Let c be 13/(-5) + j/(-15). Let m = c - -4. What is the units digit of m?
1
Let u = 377 + -150. Let f = 352 - u. Suppose -20 = -4*h, -j - 5*h = 4*j - f. What is the tens digit of j?
2
Suppose -8*p - p + 1251 = 0. Let y = 200 - p. What is the tens digit of y?
6
Let h(s) = 3*s**2 + 14*s - 39. What is the tens digit of h(-12)?
2
Let g(q) = 5*q**2 - 8*q + 4. Let z be 1 + (-6)/(-2) + 1. Let t be g(z). Suppose 4*h - 43 = t. What is the units digit of h?
3
Suppose -23*q - 500 = -27*q. What is the hundreds digit of q?
1
Let f(d) = d - 1. Let w(o) = o**3 + 3*o**2 + 2*o - 1. Let c be w(-2). Let b(t) = -t**2 + 13*t + 12. Let v(s) = c*f(s) + b(s). What is the units digit of v(9)?
0
Suppose 3*a - 1357 = -2*s, 5*s - 4*a - 1350 = 3*s. What is the units digit of s?
7
Suppose 0 = 5*i + 6*b - 3*b + 13, 3*b - 1 = 2*i. Let g be (3/2)/(i/(-8)). Suppose -183 = -g*s + 3*s. What is the units digit of s?
1
Let t(j) = -6 - 3*j**2 + 2*j**2 - 5 + 4 + 19*j. Let d be t(16). Let m = -5 + d. What is the tens digit of m?
3
Let v(z) = -z**3 + 7*z**2 - 9*z. Let i be v(6). Let y = i + 10. What is the units digit of (-3)/(12/y) + -1?
1
Let k = -2 + 18. Suppose -200 + k = -8*d. What is the units digit of d?
3
Suppose -4*i = -3*i - 7. Suppose 0 = i*r - 12*r. Suppose r = -16*f + 11*f + 105. What is the tens digit of f?
2
Suppose -y - 3 = -0*x + x, -4*x + 3*y + 23 = 0. Suppose -5*g + x*b = -2*g - 39, 4*g + b = 41. What is the units digit of g?
1
Suppose c + 5*h = 928, 4*c - 5373 = -3*h - 1712. What is the hundreds digit of c?
9
Suppose -2*k + 10 + 6 = -p, 5*k - 53 = -4*p. What is the units digit of k?
9
Let d(u) = u**3 - u**2 - 5*u + 3. Let n be d(2). What is the tens digit of (6 + n)/(1/15)?
4
Let z(u) = -3*u + 34. Let x be z(12). What is the units digit of (-1)/x*(0 + 496/4)?
2
Suppose 0 = -3*i - x + 1279, 0*i - 2*i = 5*x - 857. Suppose 4*q - 3*h = 442, 4*q = -0*q - 5*h + i. What is the units digit of q?
9
Let h(w) = 34*w - 4. Let v be h(5). Let f = v + -14. What is the tens digit of f?
5
Suppose 27*v = 24*v + 1866. What is the tens digit of v?
2
Let s = 14 - 11. Suppose -s*r + 57 = o, r = 4*r. What is the units digit of o?
7
Suppose -5*a = 5*x - 122 - 1463, 3*x - 2*a = 971. What is the tens digit of x?
2
Let v be (-128)/(-22) + 14/77. Suppose -3*a + 5*a = 4*k + 16, 0 = 2*k + v. Suppose -a*y + y + 3*u + 42 = 0, 4 = 4*u. What is the units digit of y?
5
Suppose -2833 = -2*j - 5*v, 10*j + 5*v = 14*j - 5651. What is the units digit of j?
4
Let p(o) = o + 369. What is the hundreds digit of p(33)?
4
Suppose 24 - 30 = -2*h. Suppose -2*t + 49 = s, -45 = -h*t + 3*s + 24. What is the units digit of t?
4
Let s(z) be the third derivative of 13*z**4/24 - 4*z**3/3 - 25*z**2. What is the tens digit of s(6)?
7
Suppose 2*i + 2*v - 20 = 0, 0 = 4*v + v - 25. Suppose -i*a - s = -23 - 10, 2*s - 30 = -4*a. Let h(u) = 4*u. What is the tens digit of h(a)?
2
What is the tens digit of ((0 - (6 - 1)) + 56)*6?
0
What is the units digit of 375 + (8 + -2 - 12)?
9
Suppose -2*b + 2*c + 5 = 1, 0 = -b + 3*c. Suppose b*s - 2*s - 67 = -2*n, -s = 5*n - 64. What is the tens digit of s?
6
Let o(g) = 1 + 3*g - 5*g - 7*g + 4*g. Let d be o(-3). Suppose 0 = 2*m - 0*m - d. What is the units digit of m?
8
Let q be (-2 - -8)/(-2) + 6. Suppose 0 = q*v + 3 - 18. Suppose 0*i + 5*t + 35 = v*i, 30 = 5*i - 4*t. What is the units digit of i?
2
Suppose 432 = 3*w + 6*w. Suppose -11*j + 15*j = 20. Suppose -i - 4*i = -j*y - 80, -3*i - 3*y + w = 0. What is the units digit of i?
6
Let x(d) = 2*d**2 + 36*d + 71. What is the tens digit of x(-38)?
9
Let j be (9/9)/((-2)/14). Let n = j - -53. Suppose -11 = -3*b + n. What is the units digit of b?
9
Let d(i) = i**3 - 12*i**2 + 11*i + 14. Let m be (8/(-12))/((-1)/15). Let p be d(m). Let a = -52 - p. What is the units digit of a?
4
Let d = -99 - -102. Let n(z) = 32*z**2 - 4*z + 12. What is the tens digit of n(d)?
8
Let q = 47 - 13. Suppose -110 = 4*j + q. What is the tens digit of (-12)/j + (-136)/(-6)?
2
What is the tens digit of ((-12)/(-8))/(3/872)?
3
Suppose -4*q = 19 - 47. Let n be ((-2)/q)/((-1)/7). Let i = 20 - n. What is the units digit of i?
8
Let w(q) = 3*q**2 + 43*q + 8. Suppose 6*c - 45 = 9*c. What is the tens digit of w(c)?
3
Let c(u) = 4*u**2 - 3*u - 1. Let w be c(-4). Let h be 294/10 + 14/(-35). Let l = w - h. What is the tens digit of l?
4
Suppose 6*w + 548 = -568. What is the tens digit of w/(-14) - (-6)/(-21)?
1
Let d = -563 + 801. What is the units digit of d?
8
Suppose 4*s - t = 11, -3*s + 5*t = -2*s - 17. Suppose -9*i = -7*i - s. What is the units digit of i?
1
Suppose 456 = -11*x + 13*x. What is the units digit of x?
8
Let m(j) = j**3 - 12*j**2 + 13*j - 16. Let y be (-9)/(-6)*(-4)/(-3). Suppose 0 = y*q - 15 - 7. What is the units digit of m(q)?
6
Let o = -18 - -6. Let l = o - -2. What is the units digit of (-11 - -15)*l/(-8)?
5
What is the tens digit of (-426)/((-24)/16 - 0)?
8
Let s(w) = -12 + 1 + 9*w - w**2 + 0*w**2 + 4. Let f = 0 + 7. What is the units digit of s(f)?
7
Let v be (2 - 0)/2*0. Suppose v = 6*t - 4*t. Suppose t = 2*g + 3 - 11. What is the units digit of g?
4
Suppose -7 = -5*t + 8. Let d be -3*((-11)/t + 3). Suppose 4*u + 0*u - d*z = 200, -4*z 